2010100 + 12?
-21112010011
In base 11, what is -537a07 + 3?
-537a04
In base 5, what is -124 - -423?
244
In base 14, what is 13 + -6d6?
-6c3
In base 3, what is -1 - 100221201221?
-100221201222
In base 6, what is -4555 + -34?
-5033
In base 15, what is -248c - cb?
-2568
In base 7, what is 2 - 33305?
-33303
In base 13, what is -4 - 9b00?
-9b04
In base 9, what is -64002 - -1?
-64001
In base 8, what is -170 - -3514?
3324
In base 11, what is -5 - -96962?
96958
In base 5, what is -2 + 21434133?
21434131
In base 11, what is 494a3 + -22?
49481
In base 5, what is 33 - -13011?
13044
In base 15, what is -10 + -79ec5?
-79ed5
In base 4, what is 0 + 202211300?
202211300
In base 9, what is -2 - 285?
-287
In base 11, what is -426 + -8a5?
-1220
In base 4, what is 1 - -131312313?
131312320
In base 16, what is 6f - -384?
3f3
In base 2, what is 10 + -1101101001110?
-1101101001100
In base 4, what is -31112 + 31132?
20
In base 9, what is 203661 - -4?
203665
In base 15, what is 0 + 1c830?
1c830
In base 16, what is 2d + 117?
144
In base 14, what is -cdbd4 - 2?
-cdbd6
In base 4, what is -3012 + -11102?
-20120
In base 8, what is -20 - -12030?
12010
In base 12, what is -401a0 - -4?
-40198
In base 14, what is 1502 + 29?
152b
In base 15, what is -10 + -2?
-12
In base 8, what is 67147 + 4?
67153
In base 15, what is -3468c - 3?
-34690
In base 6, what is 2101150 + -4?
2101142
In base 16, what is 5 - -2549?
254e
In base 16, what is 3 - -1dc77?
1dc7a
In base 2, what is 0 + 110001111110010100?
110001111110010100
In base 8, what is 1 + -1501512?
-1501511
In base 9, what is -8157 - 164?
-8332
In base 11, what is 153a13 - -6?
153a19
In base 4, what is -2 + -220130313?
-220130321
In base 2, what is -10 - 1111001111001001?
-1111001111001011
In base 16, what is -4a8 + -6d?
-515
In base 3, what is 221 - -20010011?
20011002
In base 11, what is -761 + -79?
-82a
In base 11, what is -168 - -809?
651
In base 13, what is -b17 + 123?
-9c4
In base 12, what is -52795 - -3?
-52792
In base 8, what is -65 + 2447?
2362
In base 3, what is -12121110222 - 10?
-12121111002
In base 13, what is -22 + 1361?
133c
In base 13, what is 3 + -484a?
-4847
In base 11, what is -8324 - -20?
-8304
In base 9, what is 67 - -1760?
1837
In base 5, what is -10 - -1300?
1240
In base 3, what is -10200211 - 10?
-10200221
In base 9, what is -137250 - -10?
-137240
In base 15, what is -9e5d6 + 1?
-9e5d5
In base 9, what is -24880 + 5?
-24874
In base 7, what is -5025 - 550?
-5605
In base 5, what is 4 - 440?
-431
In base 14, what is 11 + 2964?
2975
In base 11, what is 2a6 + 139?
434
In base 7, what is -62653 + -6?
-62662
In base 13, what is 2 - 5ca73?
-5ca71
In base 12, what is -5 + -97b2?
-97b7
In base 12, what is 55870 + -17?
55855
In base 13, what is 0 - -1684a?
1684a
In base 10, what is 41526 - 5?
41521
In base 5, what is 4 - -142311123?
142311132
In base 8, what is 1 + -1472110?
-1472107
In base 7, what is 2 + 3046423?
3046425
In base 15, what is -6156 + 3?
-6153
In base 12, what is -28284 - 3?
-28287
In base 2, what is -1 + 10000111100100111?
10000111100100110
In base 8, what is 6167640 - 0?
6167640
In base 9, what is 2 - -34466?
34468
In base 14, what is -4 + -6518?
-651c
In base 14, what is 5 - 18473?
-1846c
In base 9, what is -68132 - 16?
-68148
In base 5, what is -323433 + 2204?
-321224
In base 16, what is 9f3ee - 3?
9f3eb
In base 7, what is -31 - 53060?
-53121
In base 3, what is 11102221 - 2000?
11100221
In base 4, what is 12133223130 - 0?
12133223130
In base 6, what is -242 - -40504?
40222
In base 7, what is 1 - 45033?
-45032
In base 11, what is -2079 + -21?
-209a
In base 3, what is 2 - 11110112?
-11110110
In base 9, what is -184 - -13831?
13636
In base 11, what is -1a13080 - -5?
-1a13076
In base 14, what is -1 + 37551?
37550
In base 8, what is 4 + -7520?
-7514
In base 5, what is 30323243 - -4?
30323302
In base 10, what is 172 + 649?
821
In base 13, what is 462 + b41?
12a3
In base 16, what is -e - 61dd?
-61eb
In base 8, what is 30255 + -16?
30237
In base 2, what is 1010000100101011100 - -100?
1010000100101100000
In base 12, what is -33000 + 3?
-32bb9
In base 12, what is 10735 - 3?
10732
In base 8, what is -4 - -172114?
172110
In base 9, what is -206025 - 3?
-206028
In base 4, what is -1103320 - 3011?
-1112331
In base 15, what is 4b0 - -8?
4b8
In base 16, what is 2c6cb + 4?
2c6cf
In base 5, what is -104033 - 4141?
-113224
In base 13, what is 19a13a + -7?
19a133
In base 15, what is 365e0 + -4?
365db
In base 6, what is -3254 + -4352?
-12050
In base 12, what is -5455 - 12a?
-5583
In base 6, what is -3 + 2221151?
2221144
In base 7, what is 160 + 25?
215
In base 9, what is 1034 + 6505?
7540
In base 15, what is ecad + 37?
ece5
In base 2, what is -101 + 11010111110011000?
11010111110010011
In base 5, what is 1 + -1210433?
-1210432
In base 5, what is 1 + -1101402?
-1101401
In base 7, what is 5255 + -243?
5012
In base 3, what is -10 - -2001200222011?
2001200222001
In base 13, what is -14 - -48784?
48770
In base 2, what is -1001100101000010 - -10010?
-1001100100110000
In base 6, what is 150 - 451?
-301
In base 3, what is 12 - 2222100000?
-2222022211
In base 10, what is 55668 - -5?
55673
In base 8, what is -2 - -173526?
173524
In base 15, what is 250c1 + -5?
250bb
In base 6, what is 210 - 113004?
-112354
In base 14, what is -63 - 0?
-63
In base 2, what is 101110 - -11110110?
100100100
In base 15, what is -281c5 - 1?
-281c6
In base 9, what is 6 + -36822?
-36815
In base 3, what is 10021212020021 - -2?
10021212020100
In base 11, what is -10 - 28615?
-28625
In base 14, what is 4 + 66987?
6698b
In base 4, what is 110002 + -112221?
-2213
In base 12, what is 0 + -4226b?
-4226b
In base 6, what is 14321 + 4002?
22323
In base 12, what is 54 - 5ba?
-566
In base 3, what is 2221020121 + 12?
2221020210
In base 9, what is -21 - 5533?
-5554
In base 4, what is -1 + 10102213?
10102212
In base 16, what is 735 + 8a?
7bf
In base 5, what is 1234004 - 10?
1233444
In base 5, what is -1104323 - -2?
-1104321
In base 14, what is -302 - -30?
-2b2
In base 10, what is -31912 + 17?
-31895
In base 11, what is 1686655 + 0?
1686655
In base 16, what is -45 + -4243?
-4288
In base 10, what is 76 - -96802?
96878
In base 13, what is 2332 + 18?
234a
In base 7, what is 36622 - -2?
36624
In base 9, what is 3 + -5341?
-5337
In base 3, what is 21012012101 - 0?
21012012101
In base 12, what is 257 - 6a?
1a9
In base 16, what is -63c + 33?
-609
In base 15, what is -985a + -2?
-985c
In base 4, what is -21011300 - 301?
-21012201
In base 5, what is 20443033 + -3?
20443030
In base 13, what is 10 - -59c?
5ac
In base 9, what is 6717 - 170?
6537
In base 4, what is -11 + -1222223332?
-1222230003
In base 7, what is -33 + 45211?
45145
In base 13, what is -45 + -53?
-98
In base 13, what is -778 - -126?
-652
In base 10, what is -18 + -977?
-995
In base 3, what is 1 + 1112000222?
1112001000
In base 3, what is -100 + 101001120?
101001020
In base 7, what is 26565 + 3?
26601
In base 13, what is 185284 + -3?
185281
In base 9, what is 20 + -552?
-532
In base 3, what is -2 + 101202111011?
101202111002
In base 16, what is eb5d + 5?
eb62
In base 16, what is -1 - -4ed03?
4ed02
In base 4, what is -20 + 320100?
320020
In base 13, what is -1 - 3a644c?
-3a6450
In base 8, what is 2 - 702771?
-702767
In base 6, what is -10144053 - 1?
-10144054
In base 6, what is 44143 + 55?
44242
In base 13, what is 30cb - -4?
3102
In base 2, what is -11 + 10101010100000110110?
10101010100000110011
In base 3, what is 201220020 + -11?
201220002
In base 6, what is 4104 + 442?
4550
In base 11, what is -374 + -110?
-484
In base 11, what is -419 + 400?
-19
In base 4, what is 1012323 + -101?
1012222
In base 7, what is -2253 - 152?
-2435
In base 3, what is 1220100012 - -202?
1220100221
In base 6, what is 14140 - 121?
14015
In base 7, what is -3451 - -35?
-3413
In base 12, what is 26 + 8551?
8577
In base 4, what is -33011 + 0?
-33011
In base 8, what is -22 - 34645?
-34667
In base 5, what is -3 - -12132243?
12132240
In base 5, what is 1421442102 + -2?
1421442100
In base 8, what is -13304 - -457?
-12625
In base 3, what is -1022222212201 - -11?
-1022222212120
In base 10, what is -9 - -7296?
7287
In base 3, what is -2202121202 + -1011?
-2202122220
In base 3, what is -12 - 1122021001?
-1122021020
In base 2, what is -110100011010 